{"id":89,"date":"2020-04-22T21:55:02","date_gmt":"2020-04-22T19:55:02","guid":{"rendered":"http:\/\/moulinamour.com\/?page_id=89"},"modified":"2020-04-23T22:04:10","modified_gmt":"2020-04-23T20:04:10","slug":"groupes-adultes","status":"publish","type":"page","link":"https:\/\/moulinamour.com\/?page_id=89","title":{"rendered":"Groupes adultes"},"content":{"rendered":"<p><img decoding=\"async\" loading=\"lazy\" class=\"wp-image-699 aligncenter\" src=\"http:\/\/moulinamour.com\/wp-content\/uploads\/2016\/11\/PHOTO-GPES-ADULTES-300x105.jpg\" alt=\"photo-gpes-adultes\" width=\"577\" height=\"202\" \/><\/p>\n<p><a href=\"http:\/\/moulinamour.com\/wp-content\/uploads\/2019\/01\/Brochure-Visite-de-groupes-Moulin-Amour-version-mail-compressed.pdf\" target=\"_blank\" rel=\"noopener noreferrer\"><img decoding=\"async\" loading=\"lazy\" class=\"alignleft wp-image-1869\" src=\"http:\/\/moulinamour.com\/wp-content\/uploads\/2018\/12\/livret-visites-guid\u00e9es-FORMAT-TRES-REDUIT-23Mo_Page_1-106x150.jpeg\" alt=\"\" width=\"217\" height=\"307\" srcset=\"https:\/\/moulinamour.com\/wp-content\/uploads\/2018\/12\/livret-visites-guid\u00e9es-FORMAT-TRES-REDUIT-23Mo_Page_1-106x150.jpeg 106w, https:\/\/moulinamour.com\/wp-content\/uploads\/2018\/12\/livret-visites-guid\u00e9es-FORMAT-TRES-REDUIT-23Mo_Page_1-212x300.jpeg 212w, https:\/\/moulinamour.com\/wp-content\/uploads\/2018\/12\/livret-visites-guid\u00e9es-FORMAT-TRES-REDUIT-23Mo_Page_1-768x1086.jpeg 768w, https:\/\/moulinamour.com\/wp-content\/uploads\/2018\/12\/livret-visites-guid\u00e9es-FORMAT-TRES-REDUIT-23Mo_Page_1-724x1024.jpeg 724w, https:\/\/moulinamour.com\/wp-content\/uploads\/2018\/12\/livret-visites-guid\u00e9es-FORMAT-TRES-REDUIT-23Mo_Page_1-191x270.jpeg 191w, https:\/\/moulinamour.com\/wp-content\/uploads\/2018\/12\/livret-visites-guid\u00e9es-FORMAT-TRES-REDUIT-23Mo_Page_1.jpeg 1654w\" sizes=\"(max-width: 217px) 100vw, 217px\" \/><\/a><\/p>\n<h2 style=\"text-align: center;\"><b>\u00a0Groupe, association, comit\u00e9 d&rsquo;entreprise : <\/b><\/h2>\n<h2 style=\"text-align: center;\"><b>sur rendez-vous pour une visite, un go\u00fbter ou pour une journ\u00e9e\u00a0<\/b><\/h2>\n<h3 style=\"text-align: center;\"><span style=\"color: #ff0000;\"><strong>contact@moulinamour.com ou 02 32 36 95 63<\/strong><\/span><\/h3>\n<p>Suivez le travail du meunier&#8230; Nettoyage du bl\u00e9, mouture, tamisage sont autant d&rsquo;\u00e9tapes d\u00e9crites au cours de la visite. Les machines du d\u00e9but du XIXe si\u00e8cle fonctionnent parfaitement et fabriquent la \u00ab\u00a0fine fleur de farine\u00a0\u00bb.<\/p>\n<ul>\n<li>Fl\u00e2nez dans les salles du moulin&#8230;<\/li>\n<li>Des expositions temporaires mettent en valeur la richesse du patrimoine r\u00e9gional (visite libre ou comment\u00e9e). Anim\u00e9es d&rsquo;objets de collections, elles compl\u00e8tent agr\u00e9ablement la visite du moulin.<\/li>\n<\/ul>\n<p><strong>Renseignements pratiques et tarifs <a href=\"http:\/\/moulinamour.com\/wp-content\/uploads\/2019\/01\/Brochure-Visite-de-groupes-Moulin-Amour-version-mail-compressed.pdf\" target=\"_blank\" rel=\"noopener noreferrer\">CLIC ICI POUR LE GUIDE<\/a><\/strong><\/p>\n<p style=\"text-align: justify;\">\u00a0Les visites de groupes sont organis\u00e9es de mars \u00e0 octobre sur rendez-vous. Les r\u00e9servations doivent \u00eatre prises, de pr\u00e9f\u00e9rence au moins 1 mois avant la prestation.<\/p>\n","protected":false},"excerpt":{"rendered":"<p>\u00a0Groupe, association, comit\u00e9 d&rsquo;entreprise : sur rendez-vous pour une visite, un go\u00fbter ou pour une journ\u00e9e\u00a0 contact@moulinamour.com ou 02 32 36 95 63 Suivez le travail du meunier&#8230; Nettoyage du bl\u00e9, mouture, tamisage sont autant d&rsquo;\u00e9tapes d\u00e9crites au cours de la visite. Les machines du d\u00e9but du XIXe si\u00e8cle fonctionnent parfaitement et fabriquent la \u00ab\u00a0fine fleur de farine\u00a0\u00bb. Fl\u00e2nez dans les salles du moulin&#8230; Des expositions temporaires mettent en valeur la richesse du patrimoine r\u00e9gional (visite libre ou comment\u00e9e). Anim\u00e9es&#8230;<\/p>\n<p class=\"read-more\"><a class=\"btn btn-default\" href=\"https:\/\/moulinamour.com\/?page_id=89\">Lire la suite<span class=\"screen-reader-text\"> Lire la suite<\/span><\/a><\/p>\n","protected":false},"author":1,"featured_media":0,"parent":83,"menu_order":3,"comment_status":"closed","ping_status":"closed","template":"","meta":{"_mi_skip_tracking":false},"_links":{"self":[{"href":"https:\/\/moulinamour.com\/index.php?rest_route=\/wp\/v2\/pages\/89"}],"collection":[{"href":"https:\/\/moulinamour.com\/index.php?rest_route=\/wp\/v2\/pages"}],"about":[{"href":"https:\/\/moulinamour.com\/index.php?rest_route=\/wp\/v2\/types\/page"}],"author":[{"embeddable":true,"href":"https:\/\/moulinamour.com\/index.php?rest_route=\/wp\/v2\/users\/1"}],"replies":[{"embeddable":true,"href":"https:\/\/moulinamour.com\/index.php?rest_route=%2Fwp%2Fv2%2Fcomments&post=89"}],"version-history":[{"count":11,"href":"https:\/\/moulinamour.com\/index.php?rest_route=\/wp\/v2\/pages\/89\/revisions"}],"predecessor-version":[{"id":2372,"href":"https:\/\/moulinamour.com\/index.php?rest_route=\/wp\/v2\/pages\/89\/revisions\/2372"}],"up":[{"embeddable":true,"href":"https:\/\/moulinamour.com\/index.php?rest_route=\/wp\/v2\/pages\/83"}],"wp:attachment":[{"href":"https:\/\/moulinamour.com\/index.php?rest_route=%2Fwp%2Fv2%2Fmedia&parent=89"}],"curies":[{"name":"wp","href":"https:\/\/api.w.org\/{rel}","templated":true}]}}