{"id":81,"date":"2025-08-05T16:00:00","date_gmt":"2025-08-05T14:00:00","guid":{"rendered":"http:\/\/moulinamour.com\/?page_id=81"},"modified":"2026-04-12T19:24:00","modified_gmt":"2026-04-12T17:24:00","slug":"individuels","status":"publish","type":"page","link":"https:\/\/moulinamour.com\/?page_id=81","title":{"rendered":"Individuels"},"content":{"rendered":"<p style=\"text-align: center;\"><a style=\"display: inline !important;\" href=\"http:\/\/moulinamour.com\/wp-content\/uploads\/2018\/07\/plan-site-moulin-Amour.pdf\" target=\"_blank\" rel=\"noopener noreferrer\"><img decoding=\"async\" loading=\"lazy\" class=\"wp-image-1542 aligncenter\" src=\"http:\/\/moulinamour.com\/wp-content\/uploads\/2018\/01\/plan-site-moulin-Amour-150x75.png\" alt=\"\" width=\"464\" height=\"232\" srcset=\"https:\/\/moulinamour.com\/wp-content\/uploads\/2018\/01\/plan-site-moulin-Amour-150x75.png 150w, https:\/\/moulinamour.com\/wp-content\/uploads\/2018\/01\/plan-site-moulin-Amour-300x151.png 300w, https:\/\/moulinamour.com\/wp-content\/uploads\/2018\/01\/plan-site-moulin-Amour-768x386.png 768w, https:\/\/moulinamour.com\/wp-content\/uploads\/2018\/01\/plan-site-moulin-Amour.png 1024w, https:\/\/moulinamour.com\/wp-content\/uploads\/2018\/01\/plan-site-moulin-Amour-537x270.png 537w\" sizes=\"(max-width: 464px) 100vw, 464px\" \/><\/a><strong>Plan du site (CLIC sur le plan) \u00a0\u00a0 \u00a0\u00a0 \u00a0\u00a0 \u00a0\u00a0 \u00a0\u00a0 \u00a0\u00a0<\/strong><a href=\"https:\/\/moulinamour.com\/wp-content\/uploads\/2023\/03\/INDIVIDUELS-en-anglais-2.pdf\" target=\"_blank\" rel=\"noopener\"><span style=\"color: #339966;\"><strong>ENGLISH<\/strong><\/span><\/a><\/p>\n<h1 style=\"text-align: center;\"><span style=\"color: #0000ff;\">le site est ouvert le dimanche de 14h30 \u00e0 18h30\u00a0 du 25 mars au 4 octobre (sauf indication contraire)<\/span><\/h1>\n<h3 style=\"text-align: center;\"><span style=\"color: #ff0000;\">\u00a0<\/span>En semaine (lundi, mardi, jeudi et vendredi)\u00a0 sur RENDEZ-VOUS<\/h3>\n<p style=\"text-align: center;\"><strong>(contact@moulinamour.com \u00a0 \u00a0&#8211; \u00a002 32 36 95 63)<\/strong><\/p>\n<p style=\"text-align: center;\"><strong>BUVETTE, toilettes, stationnement v\u00e9los<\/strong><\/p>\n<p style=\"text-align: center;\"><strong>Acc\u00e8s partiel aux personnes handicap\u00e9es (1er et 2e \u00e9tages par escalier) , film de pr\u00e9sentation<\/strong><\/p>\n<hr \/>\n<h2 style=\"text-align: center;\"><span style=\"color: #993300;\"><strong>Tarifs individuels ou famille 2025<\/strong><\/span><\/h2>\n<h2 style=\"text-align: center;\"><strong><span style=\"color: #ff0000;\">(sauf tarification sp\u00e9ciale : spectacle et groupes en semaine)<\/span> : <\/strong><\/h2>\n<h1 style=\"text-align: center;\"><span style=\"color: #ff0000;\"><strong>Gratuit :<\/strong><\/span><\/h1>\n<h5 style=\"text-align: center;\">\u00a0<\/h5>\n<h5 style=\"text-align: center;\"><strong>pour les \u00a0groupes voir la rubrique \u00ab\u00a0groupe\u00a0\u00bb<\/strong><\/h5>\n<hr \/>\n<h2 style=\"text-align: center;\"><span style=\"color: #993300;\">mode de paiement : Esp\u00e8ces ou ch\u00e8que ou CB<\/span><\/h2>\n<p><strong>Notre fournisseur d&rsquo;acc\u00e8s \u00e0 internet \u00e9tant dans l&rsquo;incapacit\u00e9 de fournir une connexion fiable le paiement par\u00a0 carte est malheureusement souvent impossible.\u00a0<\/strong><\/p>\n\n\n<div class=\"wp-block-columns is-layout-flex wp-container-4\">\n<div class=\"wp-block-column is-layout-flow\">\n<figure class=\"wp-block-image size-full is-resized\"><img decoding=\"async\" loading=\"lazy\" src=\"https:\/\/moulinamour.com\/wp-content\/uploads\/2022\/04\/logo-CB.jpg\" alt=\"\" class=\"wp-image-3020\" width=\"168\" height=\"119\" srcset=\"https:\/\/moulinamour.com\/wp-content\/uploads\/2022\/04\/logo-CB.jpg 266w, https:\/\/moulinamour.com\/wp-content\/uploads\/2022\/04\/logo-CB-150x107.jpg 150w\" sizes=\"(max-width: 168px) 100vw, 168px\" \/><\/figure>\n<\/div>\n\n\n\n<div class=\"wp-block-column is-layout-flow\">\n<figure class=\"wp-block-image size-full is-resized\"><img decoding=\"async\" loading=\"lazy\" src=\"https:\/\/moulinamour.com\/wp-content\/uploads\/2018\/07\/paiement-cheque.jpg\" alt=\"\" class=\"wp-image-1571\" width=\"288\" height=\"129\" srcset=\"https:\/\/moulinamour.com\/wp-content\/uploads\/2018\/07\/paiement-cheque.jpg 358w, https:\/\/moulinamour.com\/wp-content\/uploads\/2018\/07\/paiement-cheque-150x68.jpg 150w\" sizes=\"(max-width: 288px) 100vw, 288px\" \/><\/figure>\n<\/div>\n\n\n\n<div class=\"wp-block-column is-layout-flow\"><div class=\"wp-block-image\">\n<figure class=\"aligncenter size-full is-resized\"><img decoding=\"async\" loading=\"lazy\" src=\"https:\/\/moulinamour.com\/wp-content\/uploads\/2018\/07\/paiement-esp\u00e8ces.jpg\" alt=\"\" class=\"wp-image-1572\" width=\"149\" height=\"168\" srcset=\"https:\/\/moulinamour.com\/wp-content\/uploads\/2018\/07\/paiement-esp\u00e8ces.jpg 264w, https:\/\/moulinamour.com\/wp-content\/uploads\/2018\/07\/paiement-esp\u00e8ces-132x150.jpg 132w, https:\/\/moulinamour.com\/wp-content\/uploads\/2018\/07\/paiement-esp\u00e8ces-238x270.jpg 238w\" sizes=\"(max-width: 149px) 100vw, 149px\" \/><\/figure><\/div><\/div>\n<\/div>\n","protected":false},"excerpt":{"rendered":"<p>Plan du site (CLIC sur le plan) \u00a0\u00a0 \u00a0\u00a0 \u00a0\u00a0 \u00a0\u00a0 \u00a0\u00a0 \u00a0\u00a0ENGLISH le site est ouvert le dimanche de 14h30 \u00e0 18h30\u00a0 du 25 mars au 4 octobre (sauf indication contraire) \u00a0En semaine (lundi, mardi, jeudi et vendredi)\u00a0 sur RENDEZ-VOUS (contact@moulinamour.com \u00a0 \u00a0&#8211; \u00a002 32 36 95 63) BUVETTE, toilettes, stationnement v\u00e9los Acc\u00e8s partiel aux personnes handicap\u00e9es (1er et 2e \u00e9tages par escalier) , film de pr\u00e9sentation Tarifs individuels ou famille 2025 (sauf tarification sp\u00e9ciale : spectacle et groupes&#8230;<\/p>\n<p class=\"read-more\"><a class=\"btn btn-default\" href=\"https:\/\/moulinamour.com\/?page_id=81\">Lire la suite<span class=\"screen-reader-text\"> Lire la suite<\/span><\/a><\/p>\n","protected":false},"author":1,"featured_media":0,"parent":53,"menu_order":1,"comment_status":"closed","ping_status":"closed","template":"","meta":{"_mi_skip_tracking":false},"_links":{"self":[{"href":"https:\/\/moulinamour.com\/index.php?rest_route=\/wp\/v2\/pages\/81"}],"collection":[{"href":"https:\/\/moulinamour.com\/index.php?rest_route=\/wp\/v2\/pages"}],"about":[{"href":"https:\/\/moulinamour.com\/index.php?rest_route=\/wp\/v2\/types\/page"}],"author":[{"embeddable":true,"href":"https:\/\/moulinamour.com\/index.php?rest_route=\/wp\/v2\/users\/1"}],"replies":[{"embeddable":true,"href":"https:\/\/moulinamour.com\/index.php?rest_route=%2Fwp%2Fv2%2Fcomments&post=81"}],"version-history":[{"count":79,"href":"https:\/\/moulinamour.com\/index.php?rest_route=\/wp\/v2\/pages\/81\/revisions"}],"predecessor-version":[{"id":4611,"href":"https:\/\/moulinamour.com\/index.php?rest_route=\/wp\/v2\/pages\/81\/revisions\/4611"}],"up":[{"embeddable":true,"href":"https:\/\/moulinamour.com\/index.php?rest_route=\/wp\/v2\/pages\/53"}],"wp:attachment":[{"href":"https:\/\/moulinamour.com\/index.php?rest_route=%2Fwp%2Fv2%2Fmedia&parent=81"}],"curies":[{"name":"wp","href":"https:\/\/api.w.org\/{rel}","templated":true}]}}