{"id":65,"date":"2023-03-13T17:00:00","date_gmt":"2023-03-13T16:00:00","guid":{"rendered":"http:\/\/moulinamour.com\/?page_id=65"},"modified":"2023-03-13T18:01:59","modified_gmt":"2023-03-13T17:01:59","slug":"moulin-a-eau","status":"publish","type":"page","link":"https:\/\/moulinamour.com\/?page_id=65","title":{"rendered":"Le moulin \u00e0 eau"},"content":{"rendered":"<p><strong><u><img decoding=\"async\" loading=\"lazy\" class=\"size-medium wp-image-256 alignleft\" src=\"http:\/\/moulinamour.com\/wp-content\/uploads\/2016\/11\/moulin-juillet06-2-028-225x300.jpg\" alt=\"moulin-juillet06-2-028\" width=\"225\" height=\"300\" \/>Un peu d\u2019histoire\u00a0 \u00a0 \u00a0 \u00a0 \u00a0 \u00a0 \u00a0 <a href=\"https:\/\/moulinamour.com\/wp-content\/uploads\/2023\/03\/le-moulin-en-anglais.pdf\" target=\"_blank\" rel=\"noopener\">ENGLISH<\/a><\/u><\/strong><\/p>\n<p>Le Moulin Amour porte le nom de son dernier meunier, D\u00e9sir\u00e9 AMOUR, qui cessa ses activit\u00e9s au d\u00e9but de la guerre de 1914. Il est ensuite tomb\u00e9 en ruines jusqu\u2019\u00e0 ce que l\u2019Association Pour la Valorisation du Patrimoine Normand se mobilise pour le restaurer en 1985.<\/p>\n<p>Le moulin Amour est aujourd\u2019hui le dernier vestige de l\u2019activit\u00e9 meuni\u00e8re de la vall\u00e9e. C\u2019est un moulin hydraulique, \u00e9quip\u00e9 d\u2019une roue \u00e0 augets, le seul connu de ce type en fonctionnement dans le d\u00e9partement de l\u2019Eure.<\/p>\n<p>Ses meules de pierre \u00e9crasent r\u00e9guli\u00e8rement des bl\u00e9s \u00a0issus de l\u2019agriculture biologique.<\/p>\n<p>C&rsquo;est l&rsquo;AVPN-MOULIN AMOUR qui est charg\u00e9e d&rsquo;animer le site avec le soutien de la communaut\u00e9 de communes Roumois Seine(cf. la rubrique AVPN)<\/p>\n<p><strong><u>Quelques dates<\/u><\/strong><\/p>\n<p>1411\u00a0: mention du moulin\u00a0(moulin du Mont Poignant) dans les archives de l\u2019Eure. Il s\u2019agissait d\u2019un moulin rural, d\u2019architecture normande, situ\u00e9 \u00e0 droite de la roue.<\/p>\n<p>1840\u00a0: Construction d\u2019un nouveau moulin, plus important, de type industriel, pour relayer l\u2019ancien \u00e9difice du XV<sup>e<\/sup> si\u00e8cle. Ce dernier est alors rehauss\u00e9 et devient la \u00ab\u00a0maison du meunier\u00a0\u00bb\u00a0qui br\u00fblera en 1983\u00a0 lors du tournage d\u2019un t\u00e9l\u00e9film, \u00ab\u00a0Les cerfs-volants\u00a0\u00bb.<\/p>\n<p>1914\u00a0: D\u00e9sir\u00e9 Amour, \u00e2g\u00e9 de 48 ans, cesse son activit\u00e9. Il n\u2019est pas remplac\u00e9, le moulin\u00a0est abandonn\u00e9.<\/p>\n<p>1988 : D\u00e9but de la restauration<\/p>\n<p>1993\u00a0: Premi\u00e8re mouture de bl\u00e9, apr\u00e8s 5 ann\u00e9es de restauration<\/p>\n<p><span style=\"color: #ff0000;\">2016 : Remplacement des augets et du plancher de roue par l&rsquo;\u00e9quipe de b\u00e9n\u00e9voles<\/span><\/p>\n<p><span style=\"color: #ff0000;\">2017 : Remplacement des rayons de la roue par les b\u00e9n\u00e9voles<\/span><\/p>\n<p><span style=\"border-radius: 2px; text-indent: 20px; width: auto; padding: 0px 4px 0px 0px; text-align: center; font: bold 11px\/20px 'Helvetica Neue',Helvetica,sans-serif; color: #ffffff; background: #bd081c no-repeat scroll 3px 50% \/ 14px 14px; position: absolute; opacity: 1; z-index: 8675309; display: none; cursor: pointer; top: 44px; left: 20px;\">Enregistrer<\/span><\/p>\n\n\n<p><\/p>\n","protected":false},"excerpt":{"rendered":"<p>Un peu d\u2019histoire\u00a0 \u00a0 \u00a0 \u00a0 \u00a0 \u00a0 \u00a0 ENGLISH Le Moulin Amour porte le nom de son dernier meunier, D\u00e9sir\u00e9 AMOUR, qui cessa ses activit\u00e9s au d\u00e9but de la guerre de 1914. Il est ensuite tomb\u00e9 en ruines jusqu\u2019\u00e0 ce que l\u2019Association Pour la Valorisation du Patrimoine Normand se mobilise pour le restaurer en 1985. Le moulin Amour est aujourd\u2019hui le dernier vestige de l\u2019activit\u00e9 meuni\u00e8re de la vall\u00e9e. C\u2019est un moulin hydraulique, \u00e9quip\u00e9 d\u2019une roue \u00e0 augets, le&#8230;<\/p>\n<p class=\"read-more\"><a class=\"btn btn-default\" href=\"https:\/\/moulinamour.com\/?page_id=65\">Lire la suite<span class=\"screen-reader-text\"> Lire la suite<\/span><\/a><\/p>\n","protected":false},"author":1,"featured_media":665,"parent":47,"menu_order":2,"comment_status":"closed","ping_status":"closed","template":"","meta":{"_mi_skip_tracking":false},"_links":{"self":[{"href":"https:\/\/moulinamour.com\/index.php?rest_route=\/wp\/v2\/pages\/65"}],"collection":[{"href":"https:\/\/moulinamour.com\/index.php?rest_route=\/wp\/v2\/pages"}],"about":[{"href":"https:\/\/moulinamour.com\/index.php?rest_route=\/wp\/v2\/types\/page"}],"author":[{"embeddable":true,"href":"https:\/\/moulinamour.com\/index.php?rest_route=\/wp\/v2\/users\/1"}],"replies":[{"embeddable":true,"href":"https:\/\/moulinamour.com\/index.php?rest_route=%2Fwp%2Fv2%2Fcomments&post=65"}],"version-history":[{"count":12,"href":"https:\/\/moulinamour.com\/index.php?rest_route=\/wp\/v2\/pages\/65\/revisions"}],"predecessor-version":[{"id":3428,"href":"https:\/\/moulinamour.com\/index.php?rest_route=\/wp\/v2\/pages\/65\/revisions\/3428"}],"up":[{"embeddable":true,"href":"https:\/\/moulinamour.com\/index.php?rest_route=\/wp\/v2\/pages\/47"}],"wp:featuredmedia":[{"embeddable":true,"href":"https:\/\/moulinamour.com\/index.php?rest_route=\/wp\/v2\/media\/665"}],"wp:attachment":[{"href":"https:\/\/moulinamour.com\/index.php?rest_route=%2Fwp%2Fv2%2Fmedia&parent=65"}],"curies":[{"name":"wp","href":"https:\/\/api.w.org\/{rel}","templated":true}]}}