{"id":62,"date":"2018-11-20T11:30:42","date_gmt":"2018-11-20T10:30:42","guid":{"rendered":"http:\/\/moulinamour.com\/?page_id=62"},"modified":"2018-11-20T12:17:32","modified_gmt":"2018-11-20T11:17:32","slug":"vallee-de-loison","status":"publish","type":"page","link":"https:\/\/moulinamour.com\/?page_id=62","title":{"rendered":"La vall\u00e9e de l&rsquo;Oison"},"content":{"rendered":"<p style=\"text-align: left;\"><strong>D\u00e9couvrez l\u2019Oison<\/strong><\/p>\n<p>Autrefois appel\u00e9 le Du\u00e9, l\u2019Oison prend sa source \u00e0 Saint-Amand- des-Hautes- Terres, \u00e0 moins de 4 km du moulin.<\/p>\n<p>Cette rivi\u00e8re, longue de 17 km, se jette dans la Seine \u00e0 Saint-Pierre- l\u00e8s-Elbeuf.<\/p>\n<p>Autrefois l\u2019Oison a accueilli jusqu\u2019\u00e0 17 moulins sur ses berges. Le Moulin Amour est le dernier encore en fonctionnement ; les autres ont \u00e9t\u00e9 d\u00e9truits ou conservent quelques ruines dans les propri\u00e9t\u00e9s priv\u00e9es.<\/p>\n<p>De nombreux toponymes tout au long de la rivi\u00e8re t\u00e9moignent du pass\u00e9 actif de la vall\u00e9e.<\/p>\n<hr \/>\n<h2 style=\"text-align: center;\"><strong>A voir aux alentours :<\/strong><\/h2>\n<h3 style=\"text-align: center;\"><a href=\"http:\/\/WWW.lasaussaye.fr\" target=\"_blank\" rel=\"noopener\"><strong>LA SAUSSAYE\u00a0(3 km): (clic)<\/strong><\/a><\/h3>\n<p style=\"text-align: center;\"><strong>\u00a0 \u00a0 \u00a0 \u00a0 \u00a0 \u00a0 &#8211; <a href=\"http:\/\/www.asps-lasaussaye.fr\" target=\"_blank\" rel=\"noopener\">ASPS<\/a><\/strong>\u00a0(clic)<\/p>\n<p style=\"text-align: center;\">L&rsquo; Association de Sauvegarde du Patrimoine Saulc\u00e9en participe tr\u00e8s activement \u00e0 la sauvegarde de la chapelle Saint Martin.<\/p>\n<h3 style=\"text-align: center;\"><a href=\"https:\/\/sp.yimg.com\/ib\/th?id=OIP.lKGl5MywcS6Ut0mXFk4TNAAAAA&amp;pid=15.1&amp;rs=1&amp;c=1&amp;qlt=95&amp;w=161&amp;h=122\" target=\"_blank\" rel=\"noopener\"><strong>SAINT GERMAIN DE PASQUIER (4 km) (clic)<\/strong><\/a><\/h3>\n<p style=\"text-align: center;\">Vous y verrez la plus petite Mairie de France<\/p>\n<p>&nbsp;<\/p>\n","protected":false},"excerpt":{"rendered":"<p>D\u00e9couvrez l\u2019Oison Autrefois appel\u00e9 le Du\u00e9, l\u2019Oison prend sa source \u00e0 Saint-Amand- des-Hautes- Terres, \u00e0 moins de 4 km du moulin. Cette rivi\u00e8re, longue de 17 km, se jette dans la Seine \u00e0 Saint-Pierre- l\u00e8s-Elbeuf. Autrefois l\u2019Oison a accueilli jusqu\u2019\u00e0 17 moulins sur ses berges. Le Moulin Amour est le dernier encore en fonctionnement ; les autres ont \u00e9t\u00e9 d\u00e9truits ou conservent quelques ruines dans les propri\u00e9t\u00e9s priv\u00e9es. De nombreux toponymes tout au long de la rivi\u00e8re t\u00e9moignent du pass\u00e9&#8230;<\/p>\n<p class=\"read-more\"><a class=\"btn btn-default\" href=\"https:\/\/moulinamour.com\/?page_id=62\">Lire la suite<span class=\"screen-reader-text\"> Lire la suite<\/span><\/a><\/p>\n","protected":false},"author":1,"featured_media":267,"parent":47,"menu_order":1,"comment_status":"closed","ping_status":"closed","template":"","meta":{"_mi_skip_tracking":false},"_links":{"self":[{"href":"https:\/\/moulinamour.com\/index.php?rest_route=\/wp\/v2\/pages\/62"}],"collection":[{"href":"https:\/\/moulinamour.com\/index.php?rest_route=\/wp\/v2\/pages"}],"about":[{"href":"https:\/\/moulinamour.com\/index.php?rest_route=\/wp\/v2\/types\/page"}],"author":[{"embeddable":true,"href":"https:\/\/moulinamour.com\/index.php?rest_route=\/wp\/v2\/users\/1"}],"replies":[{"embeddable":true,"href":"https:\/\/moulinamour.com\/index.php?rest_route=%2Fwp%2Fv2%2Fcomments&post=62"}],"version-history":[{"count":12,"href":"https:\/\/moulinamour.com\/index.php?rest_route=\/wp\/v2\/pages\/62\/revisions"}],"predecessor-version":[{"id":1808,"href":"https:\/\/moulinamour.com\/index.php?rest_route=\/wp\/v2\/pages\/62\/revisions\/1808"}],"up":[{"embeddable":true,"href":"https:\/\/moulinamour.com\/index.php?rest_route=\/wp\/v2\/pages\/47"}],"wp:featuredmedia":[{"embeddable":true,"href":"https:\/\/moulinamour.com\/index.php?rest_route=\/wp\/v2\/media\/267"}],"wp:attachment":[{"href":"https:\/\/moulinamour.com\/index.php?rest_route=%2Fwp%2Fv2%2Fmedia&parent=62"}],"curies":[{"name":"wp","href":"https:\/\/api.w.org\/{rel}","templated":true}]}}