{"id":101,"date":"2024-07-11T15:30:00","date_gmt":"2024-07-11T13:30:00","guid":{"rendered":"http:\/\/moulinamour.com\/?page_id=101"},"modified":"2025-02-07T16:44:18","modified_gmt":"2025-02-07T15:44:18","slug":"lassociation-et-ses-partenaires","status":"publish","type":"page","link":"https:\/\/moulinamour.com\/?page_id=101","title":{"rendered":"L&rsquo;association"},"content":{"rendered":"<h3 style=\"text-align: center;\"><\/h3>\n<p><strong>Pr\u00e9sentation de l&rsquo;AVPN-Moulin Amour<\/strong><\/p>\n<p>L&rsquo;ASSOCIATION POUR LA VALORISATION DU PATRIMOINE NORMAND (A.V.P.N.)<br \/>\nL&rsquo;A.V.P.N. a \u00e9t\u00e9 cr\u00e9\u00e9e en 1972 par Madame Annie Leseigneur et ses amis. Apr\u00e8s l&rsquo;organisation de plusieurs expositions sur le patrimoine Normand, les fondateurs de l&rsquo;A.V.P.N. se sont investis dans la restauration d&rsquo;un lieu enchanteur, nich\u00e9 dans la vall\u00e9e de l&rsquo;Oison : le Moulin Amour.<br \/>\nApr\u00e8s 5 ans de travaux et beaucoup d&rsquo;engouement et d&rsquo;\u00e9nergie, le site et ses 4 hectares d&rsquo;espace naturel ont \u00e9t\u00e9 ouverts au public en 1992 pour des visites touristiques. En lien avec l&rsquo;association \u00ab\u00a0Cardere\u00a0\u00bb, une dimension \u00e9ducative s&rsquo;est \u00e9galement d\u00e9velopp\u00e9e avec l&rsquo;animation d&rsquo;activit\u00e9s p\u00e9dagogiques aupr\u00e8s des \u00e9tablissements scolaires et des accueils de loisirs.<\/p>\n<p>Aujourd&rsquo;hui, l&rsquo;association se compose d&rsquo;une salari\u00e9e-animatrice et d&rsquo;une \u00e9quipe d&rsquo;administrateurs-b\u00e9n\u00e9voles. Elle est\u00a0 pr\u00e9sid\u00e9e par Pierre-Jean TRUFFERT depuis mars 2024 qui a remplac\u00e9 Jean-Fran\u00e7ois RIVART. Quatre salari\u00e9s (1 Directrice, 1 Animateur, 1 Meunier et 1 Jardinier) de la Communaut\u00e9 de Communes Roumois-Seine participent activement \u00e0 faire vivre le site.<\/p>\n<p>L&rsquo;assembl\u00e9e g\u00e9n\u00e9rale de 2016 a d\u00e9cid\u00e9 de modifier le nom de l&rsquo;association qui devient :\u00a0\u00bbAVPN-Moulin Amour\u00a0\u00bb.<\/p>\n<p>Les actions men\u00e9es par l&rsquo;A.V.P.N. sur le site du Moulin Amour sont agr\u00e9\u00e9es au titre de :<\/p>\n<ul>\n<li>Label national \u00ab\u00a0Qualit\u00e9 tourisme\u00a0\u00bb et le label \u00ab Normandie Qualit\u00e9 Tourisme \u00bb<\/li>\n<li>Protection de la Nature<\/li>\n<li>Relais CARDERE<\/li>\n<li>Refuge de la Ligue de Protection des Oiseaux<\/li>\n<li>Jeunesse et \u00e9ducation populaire<\/li>\n<\/ul>\n<h3 style=\"text-align: center;\"><strong>contact@moulinamour.com ou 02 32 36 95 63<\/strong><\/h3>\n<p>Pour adh\u00e9rer\u00a0\u00e0 l&rsquo;association: <a href=\"https:\/\/moulinamour.com\/wp-content\/uploads\/2025\/01\/Bulletin-et-lettre-adhesion-2025.pdf\" target=\"_blank\" rel=\"noopener\" data-wplink-edit=\"true\">votre bulletin d&rsquo;adh\u00e9sion<\/a><\/p>\n","protected":false},"excerpt":{"rendered":"<p>Pr\u00e9sentation de l&rsquo;AVPN-Moulin Amour L&rsquo;ASSOCIATION POUR LA VALORISATION DU PATRIMOINE NORMAND (A.V.P.N.) L&rsquo;A.V.P.N. a \u00e9t\u00e9 cr\u00e9\u00e9e en 1972 par Madame Annie Leseigneur et ses amis. Apr\u00e8s l&rsquo;organisation de plusieurs expositions sur le patrimoine Normand, les fondateurs de l&rsquo;A.V.P.N. se sont investis dans la restauration d&rsquo;un lieu enchanteur, nich\u00e9 dans la vall\u00e9e de l&rsquo;Oison : le Moulin Amour. Apr\u00e8s 5 ans de travaux et beaucoup d&rsquo;engouement et d&rsquo;\u00e9nergie, le site et ses 4 hectares d&rsquo;espace naturel ont \u00e9t\u00e9 ouverts au public&#8230;<\/p>\n<p class=\"read-more\"><a class=\"btn btn-default\" href=\"https:\/\/moulinamour.com\/?page_id=101\">Lire la suite<span class=\"screen-reader-text\"> Lire la suite<\/span><\/a><\/p>\n","protected":false},"author":1,"featured_media":0,"parent":56,"menu_order":1,"comment_status":"closed","ping_status":"closed","template":"","meta":{"_mi_skip_tracking":false},"_links":{"self":[{"href":"https:\/\/moulinamour.com\/index.php?rest_route=\/wp\/v2\/pages\/101"}],"collection":[{"href":"https:\/\/moulinamour.com\/index.php?rest_route=\/wp\/v2\/pages"}],"about":[{"href":"https:\/\/moulinamour.com\/index.php?rest_route=\/wp\/v2\/types\/page"}],"author":[{"embeddable":true,"href":"https:\/\/moulinamour.com\/index.php?rest_route=\/wp\/v2\/users\/1"}],"replies":[{"embeddable":true,"href":"https:\/\/moulinamour.com\/index.php?rest_route=%2Fwp%2Fv2%2Fcomments&post=101"}],"version-history":[{"count":17,"href":"https:\/\/moulinamour.com\/index.php?rest_route=\/wp\/v2\/pages\/101\/revisions"}],"predecessor-version":[{"id":4204,"href":"https:\/\/moulinamour.com\/index.php?rest_route=\/wp\/v2\/pages\/101\/revisions\/4204"}],"up":[{"embeddable":true,"href":"https:\/\/moulinamour.com\/index.php?rest_route=\/wp\/v2\/pages\/56"}],"wp:attachment":[{"href":"https:\/\/moulinamour.com\/index.php?rest_route=%2Fwp%2Fv2%2Fmedia&parent=101"}],"curies":[{"name":"wp","href":"https:\/\/api.w.org\/{rel}","templated":true}]}}